u**2 - 2*u - 1. What is x(3)?
-52
Let v(y) = -y**2 + 3*y - 4. Determine v(6).
-22
Let r(j) = 2*j + 6. Calculate r(8).
22
Let z(c) = 5*c + 1. Give z(1).
6
Let z(m) = m + 4. Determine z(-5).
-1
Let d(n) = 2*n - 5. Calculate d(-6).
-17
Let s(w) = 2*w**2 - 9*w - 125. Give s(-6).
1
Let c(a) = -a**3 + 8*a**2 - 11*a + 16. What is c(6)?
22
Let h(k) = -5*k**2 - 14*k - 28. What is h(-2)?
-20
Let p(q) = -2*q. Give p(6).
-12
Let g(r) = -106*r**3 - 2*r**2 - r + 1. Calculate g(-1).
106
Let v(o) = 4*o**2 + 6*o + 10. Calculate v(-3).
28
Let j(g) = -g - 4. Determine j(5).
-9
Let i(j) = 2*j**3 + 3*j**2 + j. Calculate i(-2).
-6
Let j(z) = 2*z**2 - 75*z - 34. What is j(38)?
4
Let x(c) = -c**2 + 10*c + 17. Give x(13).
-22
Let q(d) = -2*d**2 - d - 6. What is q(7)?
-111
Let j(d) = d + 12. What is j(-26)?
-14
Let f(k) = -2*k**2 - 24*k - 72. Calculate f(-6).
0
Let g(l) = -l**3 - 12*l**2 - 10*l - 7. Determine g(-11).
-18
Let q(u) = -u**3 - 6*u**2 + 12*u - 3. What is q(-8)?
29
Let f(h) = h**3 + 12*h**2 + 20*h + 96. Determine f(-11).
-3
Let u(z) = z + 14. Calculate u(-19).
-5
Let h(n) = -3*n**2 + 6*n + 6. Give h(5).
-39
Let g(f) = -2*f**2 - 9*f - 8. What is g(-4)?
-4
Let k(i) = i**3 - 2*i**2 - 4*i + 12. Give k(5).
67
Let b(r) = 2*r**3 - 14*r**2 + 11*r - 5. Calculate b(6).
-11
Let f(k) = 5*k**2 - 56*k + 7. Calculate f(11).
-4
Let v(j) = j - 15. What is v(11)?
-4
Let t(h) = h**3 - 7*h**2 + 5*h - 7. What is t(6)?
-13
Let b(m) = -2*m - 8. Give b(8).
-24
Let s(l) = -14*l - 6. Give s(4).
-62
Let k(w) = 2*w**3 - 2*w**2 - 3*w - 99. Give k(0).
-99
Let n(q) = q**2 - 14*q + 70. What is n(11)?
37
Let y(q) = 103*q + 418. What is y(-4)?
6
Let f(i) = -i**3 + 16*i**2 - 14*i - 31. What is f(15)?
-16
Let k(b) = b**3 - 16*b**2 - 2*b + 37. Calculate k(16).
5
Let t(q) = 2*q**3 + 2*q**2 - 9*q + 18. Give t(-4).
-42
Let v(f) = -f**2 + f - 2. Give v(1).
-2
Let v(n) = 7*n**2 - 1. What is v(1)?
6
Let g(a) = -a**2 - 9*a + 35. What is g(-12)?
-1
Let m(n) = -3*n**2 - 53*n - 15. Calculate m(-17).
19
Let y(z) = -z**2 + 17*z - 11. What is y(16)?
5
Let z(l) = l**3 - 5*l**2 - 5*l + 4. Give z(6).
10
Let c(y) = -y**3 - 11*y**2 - 8*y + 21. What is c(-10)?
1
Let x(a) = 6*a + 1. Give x(4).
25
Let o(t) = -27*t**3 + 7*t**2 - 8*t + 2. Determine o(1).
-26
Let d(c) = -c**3 + 9*c**2 - 5*c + 8. Calculate d(9).
-37
Let c(v) = -v**3 + 6*v**2 + 8*v - 2. Determine c(7).
5
Let n(r) = -2*r**3 + 4*r**2 + 6*r - 6. Calculate n(3).
-6
Let w(i) = 2*i**2 - 7*i + 7. Calculate w(3).
4
Let n(q) = -q**2 + 30*q - 144. Give n(24).
0
Let f(y) = -8*y. Determine f(1).
-8
Let x(q) = -2*q + 27. Give x(13).
1
Let g(r) = -3*r**2 - r - 1. Give g(-2).
-11
Let i(z) = -z**3 - 10*z**2 + 3*z + 21. What is i(-10)?
-9
Let u(k) = k**3 - 5*k**2 + k - 4. Calculate u(5).
1
Let w(m) = -m**3 + 11*m**2 + 14*m + 8. Calculate w(13).
-148
Let g(d) = -29*d**2 + 1. Calculate g(1).
-28
Let q(p) = -4*p - 9. Calculate q(-5).
11
Let z(w) = -w**3 - 10*w**2 - 5*w - 45. Give z(-10).
5
Let u(r) = -3*r**2 + 2*r - 2. Give u(-4).
-58
Let p(j) = 33*j**2 - 2*j - 1. Determine p(-1).
34
Let m(f) = 2*f + 12. Determine m(-4).
4
Let n(d) = -d**3 + d**2 + 3*d - 6. What is n(4)?
-42
Let j(w) = -w**2 + 10*w - 4. What is j(8)?
12
Let l(j) = -j**3 + 12*j**2 - 11*j - 9. Give l(11).
-9
Let x(r) = -3*r + 56. What is x(18)?
2
Let w(x) = 4*x**3 - 5*x**2 - 16*x + 32. What is w(2)?
12
Let z(p) = -p**3 - 13*p**2 - 3*p - 56. Determine z(-12).
-164
Let c(w) = -25*w - 171. Calculate c(-7).
4
Let p(q) = q**2 + 2*q - 3. Give p(-2).
-3
Let c(u) = -u**2 + 4*u - 8. Give c(4).
-8
Let q(g) = -14*g - 62. Calculate q(-6).
22
Let m(x) = -x + 1. Determine m(5).
-4
Let j(t) = t**2 - 8*t - 9. Give j(8).
-9
Let r(d) = 47*d + 297. Determine r(-6).
15
Let a(y) = y**3 + 13*y**2 + 11*y - 17. Determine a(-12).
-5
Let j(f) = -f**3 + 4*f**2 + 4*f + 13. Determine j(5).
8
Let w(k) = k**3 - 3*k**2 - 5*k - 7. Give w(4).
-11
Let w(b) = -9*b - 39. Calculate w(-4).
-3
Let a(z) = 17*z**2 - z - 3. What is a(-2)?
67
Let k(v) = -v**3 - 19*v**2 + 18*v - 11. Give k(-20).
29
Let d(o) = -o**2 - 4*o + 11. Determine d(-5).
6
Let i(u) = -37*u + 250. Calculate i(7).
-9
Let c(x) = -4*x + 16. What is c(4)?
0
Let w(f) = -6*f**2 - 3*f - 2. Calculate w(2).
-32
Let y(t) = 2*t + 41. Give y(-15).
11
Let c(j) = j**3 - 12*j**2 + 3*j + 1. Determine c(12).
37
Let s(n) = n**2 + 5*n + 5. What is s(-5)?
5
Let s(n) = -10*n + 53. Determine s(4).
13
Let h(a) = -3*a**2 + 46*a + 70. Determine h(17).
-15
Let y(i) = i**2 + 4*i - 13. Determine y(-9).
32
Let n(i) = -i**3 + 14*i**2 + 17*i - 22. Determine n(15).
8
Let c(o) = o + 25. Determine c(-11).
14
Let r(m) = m**3 - 3*m**2 - 3*m + 1. Give r(3).
-8
Let k(a) = 2*a - 24. Give k(-10).
-44
Let y(n) = -n**3 - 3*n**2 + 3*n - 2. What is y(-3)?
-11
Let m(k) = k**3 - 8*k**2 + 4*k - 4. Calculate m(7).
-25
Let b(f) = f**3 + 12*f**2 + 55*f + 655. Give b(-12).
-5
Let k(j) = 3*j + 10. What is k(-4)?
-2
Let h(m) = -m**3 + 24*m**2 - 48*m + 85. Calculate h(22).
-3
Let z(f) = -f**3 - 8*f**2 + f - 8. What is z(-8)?
-16
Let p(d) = -2*d**2 + 3*d - 1. Determine p(2).
-3
Let h(t) = 2*t**3 - 4. What is h(-3)?
-58
Let c(f) = 4*f - 8. Determine c(2).
0
Let y(q) = -q**3 + 19*q**2 - 18*q + 23. Determine y(18).
23
Let d(p) = -p**2 + 11*p - 5. What is d(6)?
25
Let m(w) = w**2 + 1. Give m(3).
10
Let m(p) = p**3 - 11*p**2 - p + 16. Determine m(11).
5
Let y(k) = -k**2 - 13*k - 12. What is y(-14)?
-26
Let n(j) = -j**2 - 6*j + 37. Give n(4).
-3
Let a(k) = 2*k - 14. What is a(-4)?
-22
Let o(p) = -8*p + 4. Calculate o(5).
-36
Let p(b) = -b**2 - 29*b - 106. Give p(-24).
14
Let a(t) = t**3 + 7*t**2 - 2*t - 12. Determine a(-5).
48
Let j(v) = -12*v + 127. What is j(9)?
19
Let r(d) = -13*d**2 + 247*d + 7. What is r(19)?
7
Let j(u) = -u + 5. Give j(0).
5
Let s(p) = 3*p**2 + 13*p + 2. Calculate s(-6).
32
Let o(g) = 2*g**2 - 41*g + 37. Calculate o(19).
-20
Let w(o) = -o + 3. Give w(29).
-26
Let b(z) = 4*z**3 + 18*z**2 - 10*z + 4. What is b(-5)?
4
Let m(p) = -p**2 - 6*p + 34. Give m(-10).
-6
Let k(n) = -16*n - 2. Determine k(3).
-50
Let b(v) = v**3 + 5*v**2 + 11*v - 3. Give b(-4).
-31
Let w(t) = -5*t**2 + 34*t + 17. What is w(8)?
-31
Let c(b) = b**2 + b + 22. What is c(0)?
22
Let t(w) = 8*w + 2. Calculate t(5).
42
Let d(x) = 8*x - 19. What is d(4)?
13
Let a(u) = u**2 + 32*u + 20. Give a(-30).
-40
Let q(k) = 2*k**3 - 3*k**2 + k - 2. Calculate q(3).
28
Let x(i) = 3*i - 31. Give x(14).
11
Let r(j) = -j**3 - 8*j**2 - 7*j - 2. Determine r(-6).
-32
Let z(s) = s**2 + 9*s + 15. Give z(-8).
7
Let a(j) = j**3 + 12*j**2 - 10*j + 32. Determine a(-13).
-7
Let v(o) = o - 5. What is v(-5)?
-10
Let j(l) = l**3 + 2*l**2 - l + 1. What is j(-2)?
3
Let y(q) = 2*q**2 - 3*q + 13. Give y(5).
48
Let w(h) = -4*h**2 + 28*h + 2. Determine w(5).
42
Let c(y) = y**2 + 12*y + 6. Determine c(-12).
6
Let n(s) = -s**3 + 8*s**2 + 7. Calculate n(6).
79
Let h(l) = -l + 4. Calculate h(0).
4
Let u(d) = -2*d**2 - 29*d - 69. Determine u(-12).
-9
Let u(v) = v - 3. What is u(-1)?
-4
Let i(h) = 3*h**2 - 19*h - 10. Give i(7).
4
Let m(f) = -f**2 + 16*f + 16. Determine m(17).
-1
Let t(x) = x**2 + x - 32. Give t(-6).
-2
Let k(w) = -7*w - 1. Calculate k(4).
-29
Let p(i) = -i - 1. What is p(1)?
-2
Let f(h) = -2*h**2 + 10*h - 2. Determine f(5).
-2
Let v(q) = -15*q**2 - q + 2. What is v(1)?
-14
Let y(d) = 14*d + 5. Give y(4).
61
Let i(a) = 2*a**3 + 40*a**2 + 36*a - 27. Determine i(-19).
11
Let l(j) = -34*j**3 + 2*j + 1. Calculate l(-1).
33
Let i(u) = u**2 + 47*u + 181. Give i(-41).
-65
Let i(a) = a**3 - 6*a**2 + a - 7. Determine i(6).
-1
Let a(v) = -2*v**3 + 3*v**2 - v - 1. Determine a(1).
-1
Let j(c) = c**3 - 7*c**2 + 12*c - 13. Determine j(4).
-13
Let s(o) = -o**3 - 5*o**2 + 19*o + 27. Give s(-7).
-8
Let h(o) = o**2 - 9*o + 8. What is h(7)?
-6
Let y(i) = i**2 + 15*i + 13. What is y(-16)?
29
Let y(k) = 2*k + 11. Give y(-13).
-15
Let a(x) = x + 27. Determine a(-19).
8
Let t(k) = 90*k - 88. Give t(1).
2
Let u(o) = -o**2 - 14*o - 8. Calculate u(-11).
25
Let m(v) = -v + 3. Determine m(0).
3
Let z(t) = -t**3 + 5*t**2 + 2*t - 5. Calculate z(4).
19
Let n(o) = o**3 + 10*o**2 + 8*o + 10. Calculate n(-9).
19
Let l(a) = 4*a**2 - 21*a + 5. Calculate l(5).
0
Let q(r) = -2*r**3 - 4*r**2 - r - 3. What is q(-3)?
18
Let h(p) = p**2 + 18*p - 20. What is h(-19)?
-1
Let w(c) = 7*c + 1. Determine w(-2).
-13
Let f(c)